 + 22. What is the highest common divisor of t and l?
7
Let v be 84/1 - (59 + -63). Calculate the greatest common divisor of v and 1848.
88
Let j be (1/(-3))/((-5)/240). Let s = j + -14. Suppose 0 = -s*r + 721 - 149. What is the greatest common divisor of 26 and r?
26
Let n(g) = -14*g - 140. Let f be n(-12). What is the highest common divisor of f and 112?
28
Let k be 1210 - ((-56)/(-7) - 17). Calculate the highest common divisor of k and 23.
23
Let o = 8 - 3. Let r = 25 + -10. Suppose w - r = -0. Calculate the highest common factor of o and w.
5
Suppose -l = 0, 0*l = r - 4*l - 828. What is the greatest common divisor of r and 9?
9
Suppose -x + 5*h = 7, 0*h = h + 1. Let m = x - -14. Suppose -4*c = 0, -8 = m*r + 2*c - 92. What is the greatest common factor of r and 28?
14
Let r(u) = 128*u**2 - 5*u - 28. Let y be r(-3). What is the highest common factor of 17 and y?
17
Let q be 5 - (4208/40)/(6/(-15)). Calculate the greatest common divisor of q and 12.
4
Let k(a) = 44*a - 3. Let o be k(-2). Let j be (-145)/(-7) + (-26)/o. Calculate the highest common factor of j and 21.
21
Suppose 0 = 4*z - 0*z - 12, -4*z - 523 = -5*k. Suppose -2*f - 34 = 3*g - k, 69 = f - 5*g. Let c = 346 - 236. Calculate the greatest common divisor of c and f.
22
Suppose 0 = 5*d - d - 16. Let y be 10*d/(-30)*-6. Let u = y + 0. What is the greatest common divisor of 12 and u?
4
Let i = 93 - -149. Let u be ((-8)/10)/((-12)/330). What is the greatest common factor of u and i?
22
Let s be 5/(-1) + 4 + 4. Suppose -3*c = -9, 3*c - 120 = -4*d - c. Calculate the highest common divisor of d and s.
3
Let w(t) = 2*t**3 + t**2 + 7*t + 23. Let l be w(6). Calculate the greatest common factor of 13 and l.
13
Let o(x) = -x + 1. Let s be o(1). Suppose s = -6*w + 170 - 74. What is the greatest common divisor of 208 and w?
16
Let v = 120 + -126. Let q(z) = z**2 - 4*z - 1. Let s be q(3). Let b be (s/v)/((-10)/(-165)). What is the highest common factor of b and 99?
11
Suppose -4 = 4*g, -14 = -5*a + 2*g + 48. Let o = a - 0. Let b be 4/o + 159/9. What is the highest common divisor of 12 and b?
6
Let d be 1403/14 + (-327)/1526. What is the highest common divisor of d and 470?
10
Let o = -221 - -474. What is the highest common factor of 11 and o?
11
Let t(c) = 5*c + 69. Let p be t(-12). Suppose -5*d + p + 13 = -z, 4*z + d - 17 = 0. What is the highest common factor of 3 and z?
3
Let s(t) = 44*t + 110. Let w be s(12). What is the highest common factor of 33 and w?
11
Let i = -7 - -9. Suppose -i*a + 7*a = 40. Let b be (-2 + 1)*(a + -18). What is the highest common divisor of b and 5?
5
Suppose 4*j + 0*v = -2*v - 3120, -2*j + 5*v = 1560. Let r be ((-2)/3)/(8/j). Let q = r - 27. What is the highest common divisor of 190 and q?
38
Let c(t) = -162*t + 4. Let j(k) = 81*k - 2. Let f(x) = 3*c(x) + 7*j(x). Let p be f(2). Calculate the greatest common divisor of 20 and p.
20
Let k = -18 - -23. Suppose l - 5*x = 100, -422 = -k*l - 0*x - x. Calculate the greatest common factor of 17 and l.
17
Let o(n) = 16*n + 21. Let s be o(5). Let a = 133 - s. Calculate the greatest common divisor of a and 288.
32
Let a(q) = 3*q. Let w be a(1). Suppose 0 = -w*f + 8*f - 115. What is the highest common factor of f and 207?
23
Suppose 0 = 5*d + f - 123 - 80, d - f - 37 = 0. Let z = 48 - d. Calculate the greatest common factor of 96 and z.
8
Let t(g) = g + 1. Let z be t(-2). Let w = -3 - z. Let q be w/(2/(-39)*3). Calculate the highest common divisor of q and 65.
13
Suppose 4*y + 0*y = 3*d - 30, 0 = -d - 2*y. Suppose -t + 75 = 4*i + 5, 3*i = 3. Calculate the highest common divisor of d and t.
6
Suppose 0 = 2120*f - 2118*f - 42. Calculate the greatest common factor of 336 and f.
21
Suppose 2*c = -22*c + 4032. Calculate the greatest common divisor of 252 and c.
84
Let b = -17 + 24. Let q(t) be the second derivative of 5*t**3/6 + t**2/2 - 3*t. Let j be q(4). What is the highest common factor of b and j?
7
Let x = 83 - 96. Let a(w) = -w**3 - 6*w**2 + 2*w + 6. Let q be a(-4). Let z = x - q. Calculate the highest common factor of z and 147.
21
Let j be (-10 - -18) + 2 + 1. What is the highest common divisor of 495 and j?
11
Let h be (-11 - (-925)/85) + (-446)/(-34). Calculate the greatest common factor of 117 and h.
13
Suppose 4*b + 17 = 2*c + 47, 0 = b + 3*c - 4. What is the highest common factor of 26 and b?
1
Let k = -54 - -118. What is the highest common divisor of 4 and k?
4
Let s(o) = 49*o**3 - 1. Let v be s(1). Calculate the greatest common factor of v and 132.
12
Let c(k) = -8*k - 22. Let z be c(-3). Suppose 19 - 146 = -4*n + 3*p, 0 = z*n - p - 63. What is the greatest common divisor of n and 279?
31
Let m = -32 - -88. Let g(s) = 3*s**3 - 32*s**2 - 17*s + 20. Let t be g(12). Calculate the greatest common factor of m and t.
56
Suppose 8*n - n = 28. Let l be 126*((-14)/n + 5). Calculate the greatest common divisor of l and 27.
27
Let n be -1 - (4 - 4)/3. Let h be n/(-3) + (-670)/(-6). What is the greatest common factor of 16 and h?
16
Let q be (-2 - 0)/((-1)/2). Let d = q + 1. Let p be 19/4 - 36/(-144). What is the highest common divisor of d and p?
5
Suppose 10 = 5*s + 5*t, -5*s = -0*t - 4*t - 37. Suppose s*f = 8 + 17. Suppose -45 = -2*p - q, p = -p + f*q + 15. What is the highest common factor of 5 and p?
5
Let y = 81 + -85. Let f be 186/10 - y/10. What is the highest common divisor of 76 and f?
19
Suppose 64 = -12*w + 16*w. What is the highest common divisor of w and 272?
16
Let k be (12/(-30))/(-1*3/405). Calculate the greatest common factor of 918 and k.
54
Let f = -4 - -10. Suppose f*z + 90 = z. Let x be (-92)/(-15) - z/(-135). What is the greatest common factor of 6 and x?
6
Let m be (-2)/(-12) - ((-490)/12 + 11). What is the greatest common divisor of 10 and m?
10
Suppose 0 = -197*n + 185*n + 384. Calculate the greatest common factor of n and 256.
32
Suppose -4*u + p = -338, 0 = 5*u + 2*p - 536 + 120. Calculate the greatest common divisor of u and 84.
84
Let i(n) = -2*n**2 - n - 20. Let u be i(0). Let j be (0 - u)*45/36. What is the highest common divisor of j and 50?
25
Suppose -4*l = 3*c + 15, 5*l - 5 = -20. Let i be (-10)/(-1 - 0) - c. Let m be (-1450)/(-110) - 2/i. Calculate the greatest common divisor of 91 and m.
13
Suppose -7844 = -3*f + 4*n, 15*n - 14*n = -5. What is the highest common factor of 16 and f?
16
Let s(t) = -t**2 - 10*t - 15. Let o be s(-7). Suppose m + 30 = o*m. What is the greatest common divisor of 6 and m?
6
Suppose 365 = 14*u - 195. Calculate the greatest common divisor of 740 and u.
20
Let l = 14 + -8. Suppose -f + 2*f - l = 0. Let v = -7 + 67. Calculate the highest common divisor of v and f.
6
Let b(y) = 24*y + 12. Let w be b(9). Suppose -5*c + 2*j + w = -j, 2*j - 152 = -3*c. What is the highest common divisor of 432 and c?
48
Suppose -8*z - 28 = -12*z. Suppose 4*w - 1 = 4*r + z, 0 = -4*w - 2*r + 26. What is the highest common factor of 5 and w?
5
Suppose 43*g - 49*g + 2952 = 0. Calculate the greatest common factor of g and 123.
123
Let t be (-6)/(-4)*14/21. Let i be -3*(-1 - t/(-3)). Let u(x) = 2*x**3 + x**2 - 2*x + 1. Let b be u(1). Calculate the highest common factor of b and i.
2
Let g be -2 - ((-7)/(-14))/((-4)/2384). Let t be ((-2)/6)/(1/(-111)). Calculate the highest common divisor of g and t.
37
Suppose 0*a + a - 19 = 4*s, 0 = -5*s - 20. Suppose -4*j + a*j + 35 = 0. Suppose 269*d - 42 = 263*d. What is the greatest common factor of j and d?
7
Let j(f) = -25*f - 22. Let p be j(12). Let q = p + 120. Let x = 302 + q. What is the highest common divisor of x and 40?
20
Let g(r) = r**2 - 13*r - 27. Let z be g(15). Let t be (72 + z)/((-9)/(-6)). What is the greatest common divisor of 25 and t?
25
Let g(s) = -11*s + 127. Let x be g(11). What is the highest common factor of x and 132?
6
Let q = -36 - -49. Let y = 2 + 3. Suppose 5*o + 585 = 5*u - 0*u, y*o - 585 = -5*u. What is the greatest common divisor of u and q?
13
Let z = 1134 + -759. Calculate the highest common factor of z and 30.
15
Let d be 3/11 - (-199488)/352. What is the greatest common factor of d and 81?
81
Let c(y) = 2*y**3 - 7*y**2 + 4*y + 2. Let w be c(4). Let h = 30 - 12. Let a = w - h. What is the greatest common factor of a and 80?
16
Let n(q) = -q**3 - 8*q**2 - 9*q - 18. Let p be n(-8). What is the highest common divisor of p